 5*n(b). Calculate z(-12).
-23
Let b(n) = -2144 - 2152 + 4334 - n. Determine b(19).
19
Let a = 12 - 12. Let o(b) = -b**2 + 1 + 0*b + a*b + 3*b - 2*b. Suppose -5*r + 2*c - 6 = 0, 2*r = -c - 2*c + 9. Calculate o(r).
1
Let r(j) = -j**3 + 2*j**2 - j - 2. Let t(q) = -5*q**3 + 8*q**2 - q - 14. Let p(l) = -6*r(l) + t(l). Let f = -7 + 10. Let v = 0 + f. Calculate p(v).
4
Let f = -4 - 0. Let c(r) be the first derivative of -r**5/20 - r**4/3 + r**3/6 + 3*r**2/2 - 24*r + 17. Let b(o) be the first derivative of c(o). What is b(f)?
-1
Let a(k) be the third derivative of 1/12*k**4 - 1/60*k**5 - 5*k**2 + 0 + 1/6*k**3 + 0*k. Give a(-3).
-14
Let m(k) = 77 - 40 - 3*k - 39. Give m(-2).
4
Let b(d) = -4*d - 8*d**2 + 6 - 6. Let m(g) = -3*g**2 - g. Let z(y) = -4*b(y) + 11*m(y). Let v(c) = -c**3 - 25*c**2 + 21*c - 126. Let l be v(-26). Give z(l).
4
Let y be (11 + -6)*3*2/15. Let i(f) = 3 + 4*f**y - 2 - 3. Determine i(-2).
14
Let q(b) be the third derivative of -b**5/60 + b**4/24 + b**3 + 523*b**2. Give q(-5).
-24
Let w(a) = 154*a - 624. Let d be w(4). Let h(p) = -2*p - 4 + 3*p + 11. Give h(d).
-1
Let p(j) = j + 2. Let z be p(-7). Let g(x) = -5*x + 7 - 12 + 7 - x**2. Give g(z).
2
Let f(s) = -s**2 - 10*s - 39. Let a be f(-3). Let y(b) = -b**2 - 20*b - 26. Calculate y(a).
10
Suppose 20 = 7*b + 6. Suppose -b*l - 5*i - 3 = -2*i, 0 = -4*i - 12. Let m(q) = 7*q - 2. Determine m(l).
19
Let t(b) = -b - 9. Let j be (-25)/(-10)*(-8 + 4). Determine t(j).
1
Suppose 5*n + 36 = -389. Let u(d) = -47*d + 31. Let f be u(5). Let h be f/n*10/4. Let p(x) = -x + 7. Give p(h).
1
Let x(a) = -1. Let t(s) = -s**2 - 3*s - 6. Let k(w) = t(w) - 4*x(w). Let n(o) = -3*o + 8. Let f be n(-6). Let h be 2/(-4) + (-117)/f. Calculate k(h).
-12
Let p be 0*(-2)/(-8)*-2. Suppose p = -z - 0*z + 2. Let a(q) = -2*q + 0*q + z*q + 4*q**2 + q - 1. Determine a(1).
4
Let g(u) = 4*u**3 - 3*u**2 - 3. Let p be 2 + (40/32)/((-1)/4). Let k(h) = -3*h**3 + 3*h**2 - h + 3. Let y(i) = p*k(i) - 2*g(i). What is y(3)?
6
Let f be (-72)/30*(1 + 0)*-5. Let j = 14 - f. Let r(k) = -2*k + 1. Determine r(j).
-3
Let z(u) = -u**3 - 4*u**2 + 6*u - 4. Suppose 0*a - 2*a - 3*w + 4 = 0, -5*a - w + 23 = 0. Suppose -3*b + 5*m + 10 = 0, -b + 4*m + a = 2*b. Calculate z(b).
-9
Let u(b) = -b**2 - 6*b + 6. Let o be 2 - 10 - (-5 - -3). Let h be u(o). Let d(a) = -h*a + 4*a + a + 0*a - 1. Calculate d(2).
-3
Let y(a) = -5*a**3 - 12*a**2 + 2*a. Let t(w) = 11*w**3 + 26*w**2 - 4*w - 1. Let f(o) = 4*t(o) + 9*y(o). Suppose 5 = -h - 5*s, 0*h + 3*s = 2*h + 10. Give f(h).
11
Suppose -11*p - 12 = -7*p. Let h be (-1 + p)/(3/(-6)). Suppose 42 = -h*d + 2*d. Let g(o) = o**3 + 7*o**2 - o - 7. Determine g(d).
0
Let p(v) = v + 3. Let r be (3 - (-33)/(-9))/((-4)/42). Calculate p(r).
10
Suppose -7 = 2*i - 1. Let x(n) = 2*n**2 + 5*n + 2. Give x(i).
5
Let b(z) = -3*z + 2. Let s(u) = 11*u - 22. Let d(v) = 4*b(v) + s(v). Calculate d(-10).
-4
Let z be (-2)/12 - 82/12. Let i(x) = 0*x + 4 - 5*x + 8*x. Let w(d) = -d - 1. Let t(s) = z*w(s) - 2*i(s). Give t(2).
1
Let c(l) be the first derivative of l**4/4 + l**3 - l**2/2 + l + 1. Let d be (-3)/10 - (-9666)/(-3580). What is c(d)?
4
Let m = 2344 - 2351. Let c(b) = -2*b**3 - 9*b**2 + 2*b - 4. Let y(h) = 3*h**3 + 13*h**2 - 3*h + 6. Let p(x) = 8*c(x) + 5*y(x). Determine p(m).
-9
Suppose -11 - 8 = -l + 5*f, -2*l = 2*f - 2. Let x(w) = 4*w**2 + 2 + 0*w + l*w + 0. Let h(q) = 3*q**2 + 3*q + 3. Let a(s) = 3*h(s) - 2*x(s). What is a(0)?
5
Let v(f) = -f**2 + 18*f + 25. Let t(h) = h**2 - 16*h - 24. Let o(g) = -6*t(g) - 5*v(g). Determine o(9).
-8
Let b(s) = 4*s**3 - 2*s. Let v = 826 - 824. Determine b(v).
28
Let t be (0 + 27/(-6))*504/189. Let w(f) = f + 2. Determine w(t).
-10
Let f(r) = r + 6. Let c be 0*(-7)/(-14) - 9. Determine f(c).
-3
Suppose 0 = -g - 2*g - 24. Let z(l) = 6*l + 8*l**2 + 4*l**2 + 5*l**2 - 4 - 16*l**2. What is z(g)?
12
Let i(u) = -4*u**2 + 12*u + 13. Let h(q) = 3*q**2 - 12*q - 13. Let n(l) = -3*h(l) - 2*i(l). Let k be n(13). Let w(x) = x**2 - 8. Give w(k).
-8
Let t(b) be the second derivative of b**4/12 + b**3/2 - b**2 - b. Suppose -8133*x + 8176*x = -172. Determine t(x).
2
Let h(l) = -3*l - 22. Let m be h(-8). Let t(w) = w + 7. Let r(a) = -6. Let f(q) = m*t(q) + 3*r(q). What is f(-5)?
-14
Let u be 5 - ((-16)/8 + 6). Let o(q) = -13*q**3 + 1. Calculate o(u).
-12
Let q(w) = w**2. Let t be q(-2). Suppose t*m = 4*f + 3 - 7, 5*m = -2*f + 16. Let y(d) = f - 8*d + 11*d - 2*d**2 - d**2. Calculate y(3).
-15
Let o = 1 + 2. Let v(d) = -6*d**2 + 3. Let g(a) = -a**2 + 1. Let s(f) = o*g(f) - v(f). Give s(-2).
12
Let f(m) = m + 7. Let o(i) = 8*i - 54. Let r(v) = 2*f(v) + o(v). What is r(4)?
0
Let u(o) = o**3 - 5*o**2 + 5*o + 4. Let b(y) = -5*y - 5*y + 5*y + y**2 + 4. Suppose 2*d + 13 = -l + 4*l, -3 = -3*d. Let k be b(l). Give u(k).
8
Let g(j) be the third derivative of -j**6/120 + j**4/12 + j**3/2 - 15*j**2. Let z be 1 + -3 - (-1 - 4). Let c be (-28)/12 + 1/z. Calculate g(c).
7
Let j(m) = 79*m**3 - 82*m**3 - 23*m + 15 + 4*m**3 - 22*m**2. Determine j(23).
15
Let x(n) = n**2 + 6*n - 11 - 15 + 34. Suppose 7*f - 2*f - 40 = 0. Suppose 0 = 5*w - f + 38. Give x(w).
8
Let h(l) = 20*l - 1025. Let z be h(51). Let y = 3 + 0. Let p(n) = -n**3 + 6 + 2*n**3 + 2*n + 0*n**y + 5*n**2. Determine p(z).
-4
Let f(d) = -2 + 6 + d**2 + d - 2*d**2 + 0. Let v be 3 - 1/((-1)/(-3)). Give f(v).
4
Let v be 0*((-14)/(-21) + -1). Let u(m) = -m + 7. What is u(v)?
7
Let m(h) = 1. Let v(g) = g - 3. Let a(b) = 5*m(b) + v(b). Let w = 96 - 24. Suppose 9*i = w - 18. Calculate a(i).
8
Let z(c) = 822*c + 7 + 827*c + 1 - 1647*c. What is z(-8)?
-8
Let y = 20 - 11. Let f = 266 - 268. Let n be 15/10 - y/f. Let z(v) = v + 2. Give z(n).
8
Let n(m) = m - 7. Suppose 5*a - a = 20. Let i be 72/a - (-6)/(-15). Suppose -5*d + 3*u + 4 = 1, -2*d + i = 2*u. Determine n(d).
-4
Let f(b) = -b**2 - 7*b - 2. Let c be ((-1)/(-2))/((-2)/16). Let a(x) = -x**3 - 5*x**2 + 8*x + 14. Let q be a(-6). Let y = c - q. Calculate f(y).
4
Let v(p) = -39*p - 9*p + 13*p - 4*p - 14*p. Give v(1).
-53
Let n(k) = k**3 - 12*k**2 + 4*k - 42. Let u be n(12). Let d(o) = o**3 - 5*o**2 - 8*o + 6. Determine d(u).
-6
Let x(p) = -7*p**2 + 22*p + 2. Let q(a) = -6*a**2 + 19*a + 2. Let h(z) = 6*q(z) - 5*x(z). What is h(-3)?
-19
Let z = -458 - -454. Let u(w) be the third derivative of w**6/120 + w**5/12 + w**4/4 + w**3 - w**2. Determine u(z).
-2
Let a(h) be the second derivative of h**3/6 + h**2 + 2*h. Let o be a(-2). Suppose o - 3 = 3*t. Let k(b) = 6*b - 1. Give k(t).
-7
Suppose 7*i - 2*i + 5 = 0. Let s be 0/(i + 3 + 1). Let j(w) = -w**2 - w - 10. Give j(s).
-10
Let i(x) be the third derivative of -x**7/2520 + x**6/180 + x**5/24 + 11*x**4/24 - 5*x**2. Let c(l) be the second derivative of i(l). Determine c(5).
0
Let l(t) = -t**2 - 5*t + 3. Let m be l(-6). Let p(g) = 29*g**3 - g**2 - 14*g + 5. Let v(x) = -18*x**3 + x**2 + 9*x - 3. Let y(n) = 5*p(n) + 8*v(n). Give y(m).
-5
Suppose 0 = -9*b + 2*b + 7. Let w be (-4)/8*(b - -7). Let f(u) = -u**3 - 4*u**2 - 2*u - 2. What is f(w)?
6
Suppose 2*v = 2*k + 34, -5*v + 3*k + 82 = -1. Let q(h) = 10*h**2 - 18 - 9*h**2 - 2*h + v. What is q(4)?
6
Let f(l) = 8*l**2 - 5*l**3 + 24*l**3 + l**2 - 10*l**3 + 7 - 10*l**3. Give f(9).
7
Let x = -37 + 49. Let r(b) = -1 + 6*b**3 - 17*b**3 + x*b**3. Give r(2).
7
Let z(o) = -4*o - 14. Let p be z(-4). Let j(k) = 4 - 3 + 5 - 5 - p*k. Determine j(4).
-7
Suppose -8*h - 22 = -6*h. Let y(r) = r**2 + 13*r - 1. Give y(h).
-23
Suppose 0 = -12*o + 3*o - 81. Let g(u) be the second derivative of u**4/12 + 5*u**3/3 + 3*u**2 + 4*u. What is g(o)?
-3
Let c be (-3)/(-9)*87/58*-8. Let u(k) = -k**3 - k**2 - 1. Let x(y) = 5*y**3 + 2*y**2 - 3*y. Let r(b) = 6*u(b) + x(b). Calculate r(c).
6
Let h(y) = y**3 + 2*y**2 - 3*y + 4. Let g = -31 - -2. Let n = g + 26. Determine h(n).
4
Let k(l) = -4 + 3 + 2 - 2 + l + 18*l. Give k(-4).
-77
Let g(n) = 21*n**3 - 12*n**3 + 2*n - 13*n**2 - 2 - 6*n. Let m(i) = 4*i**3 - 6*i**2 - 2*i - 1. Let p(h) = 3*g(h) - 7*m(h). What is p(4)?
-7
Let c be (-30)/(-24)*(2 + (-2 - -4)). Let p(z) = -z**3 + 6*z**2 - 8*z + 6. Calculate p(c).
-9
Let n(k) = k**3 + 5*k**2 + k - 3. Suppose -3*o = -12, o + 3*o = -4*b + 72. Let g be 7/(b/10) + -10. What is n(g)?
-8
Let w(t) = 3*t**2 + 5*t - 6. Let i(c) = 2*c**2 - c - 3. Let s(h) = 2*i(h) - w(h). Determine s(8).
8
Let l(